
What is the hundreds digit of 1099282?
2
What is the ten thousands digit of 167153?
6
What is the ten thousands digit of 1491811?
9
What is the units digit of 559360?
0
What is the ten thousands digit of 1593840?
9
What is the tens digit of 167844?
4
What is the thousands digit of 3231343?
1
What is the units digit of 3801964?
4
What is the tens digit of 3822501?
0
What is the hundreds digit of 2674846?
8
What is the ten thousands digit of 12665615?
6
What is the hundreds digit of 898297?
2
What is the units digit of 3159499?
9
What is the hundreds digit of 452648?
6
What is the ten thousands digit of 4360691?
6
What is the tens digit of 9714738?
3
What is the tens digit of 286420?
2
What is the millions digit of 25939227?
5
What is the hundreds digit of 156184?
1
What is the units digit of 729226?
6
What is the thousands digit of 25239?
5
What is the units digit of 700000?
0
What is the ten thousands digit of 1260129?
6
What is the hundreds digit of 19205514?
5
What is the tens digit of 110119?
1
What is the thousands digit of 24075?
4
What is the hundred thousands digit of 924316?
9
What is the hundreds digit of 802764?
7
What is the units digit of 115883?
3
What is the tens digit of 105423?
2
What is the units digit of 37207251?
1
What is the millions digit of 6397485?
6
What is the hundreds digit of 326547?
5
What is the hundreds digit of 1099486?
4
What is the tens digit of 6239786?
8
What is the ten thousands digit of 1427655?
2
What is the thousands digit of 1373948?
3
What is the units digit of 2897308?
8
What is the units digit of 72490?
0
What is the units digit of 2313897?
7
What is the hundred thousands digit of 593055?
5
What is the units digit of 1449375?
5
What is the units digit of 1605329?
9
What is the units digit of 785609?
9
What is the hundreds digit of 501444?
4
What is the units digit of 8763986?
6
What is the units digit of 28650022?
2
What is the tens digit of 299086?
8
What is the hundreds digit of 136459?
4
What is the hundreds digit of 8677741?
7
What is the hundred thousands digit of 3907608?
9
What is the hundreds digit of 321265?
2
What is the thousands digit of 60292?
0
What is the thousands digit of 281589?
1
What is the thousands digit of 2674610?
4
What is the hundreds digit of 249381?
3
What is the hundred thousands digit of 265371?
2
What is the ten thousands digit of 8441353?
4
What is the ten millions digit of 14888546?
1
What is the units digit of 476967?
7
What is the units digit of 1584584?
4
What is the units digit of 1546719?
9
What is the thousands digit of 15278345?
8
What is the millions digit of 1744550?
1
What is the ten millions digit of 22381255?
2
What is the hundred thousands digit of 413398?
4
What is the thousands digit of 42273?
2
What is the ten thousands digit of 172431?
7
What is the thousands digit of 380027?
0
What is the hundred thousands digit of 229869?
2
What is the thousands digit of 905937?
5
What is the hundred thousands digit of 1568589?
5
What is the ten thousands digit of 92727?
9
What is the thousands digit of 376672?
6
What is the tens digit of 341358?
5
What is the tens digit of 7809581?
8
What is the hundreds digit of 6589658?
6
What is the ten thousands digit of 620944?
2
What is the ten thousands digit of 581710?
8
What is the hundreds digit of 3405166?
1
What is the thousands digit of 644782?
4
What is the millions digit of 3218018?
3
What is the tens digit of 28021752?
5
What is the units digit of 346394?
4
What is the hundred thousands digit of 191155?
1
What is the hundred thousands digit of 8929679?
9
What is the tens digit of 593172?
7
What is the hundreds digit of 23075620?
6
What is the ten millions digit of 14069003?
1
What is the tens digit of 852745?
4
What is the thousands digit of 7530807?
0
What is the tens digit of 1236246?
4
What is the thousands digit of 378314?
8
What is the thousands digit of 516361?
6
What is the ten thousands digit of 25198793?
9
What is the tens digit of 798910?
1
What is the ten thousands digit of 18744089?
4
What is the ten millions digit of 27907726?
2
What is the units digit of 509993?
3
What is the units digit of 41335?
5
What is the tens digit of 2383198?
9
What is the ten thousands digit of 418554?
1
What is the units digit of 3598520?
0
What is the hundred thousands digit of 791010?
7
What is the hundreds digit of 22364507?
5
What is the millions digit of 1058308?
1
What is the units digit of 300491?
1
What is the tens digit of 12160040?
4
What is the hundreds digit of 787057?
0
What is the tens digit of 561346?
4
What is the units digit of 8480901?
1
What is the hundreds digit of 4034044?
0
What is the hundreds digit of 781269?
2
What is the hundred thousands digit of 399416?
3
What is the ten thousands digit of 826378?
2
What is the millions digit of 2671123?
2
What is the ten thousands digit of 12106373?
0
What is the hundreds digit of 28856545?
5
What is the thousands digit of 642994?
2
What is the hundred thousands digit of 871393?
8
What is the ten thousands digit of 5994504?
9
What is the units digit of 597398?
8
What is the thousands digit of 583839?
3
What is the units digit of 138515?
5
What is the tens digit of 1934210?
1
What is the units digit of 375061?
1
What is the units digit of 6128446?
6
What is the millions digit of 3478819?
3
What is the thousands digit of 1744274?
4
What is the thousands digit of 4641325?
1
What is the ten thousands digit of 185546?
8
What is the units digit of 187993?
3
What is the units digit of 1650169?
9
What is the hundreds digit of 304191?
1
What is the millions digit of 2491163?
2
What is the tens digit of 5999691?
9
What is the hundred thousands digit of 1612012?
6
What is the hundred thousands digit of 5546473?
5
What is the ten millions digit of 25900004?
2
What is the tens digit of 10119775?
7
What is the hundred thousands digit of 726250?
7
What is the units digit of 114406?
6
What is the thousands digit of 585182?
5
What is the hundreds digit of 4445121?
1
What is the ten thousands digit of 253562?
5
What is the millions digit of 1892870?
1
What is the units digit of 526145?
5
What is the units digit of 866964?
4
What is the hundred thousands digit of 3250965?
2
What is the hundreds digit of 24572848?
8
What is the thousands digit of 338642?
8
What is the ten thousands digit of 337808?
3
What is the ten thousands digit of 738700?
3
What is the tens digit of 3004378?
7
What is the thousands digit of 13827453?
7
What is the tens digit of 265340?
4
What is the hundreds digit of 1703384?
3
What is the thousands digit of 249594?
9
What is the units digit of 359405?
5
What is the hundred thousands digit of 6236806?
2
What is the hundreds digit of 322957?
9
What is the tens digit of 208662?
6
What is the units digit of 145942?
2
What is the thousands digit of 73930?
3
What is the hundreds digit of 456996?
9
What is the tens digit of 177995?
9
What is the millions digit of 2138239?
2
What is the ten thousands digit of 197850?
9
What is the ten thousands digit of 3105754?
0
What is the units digit of 830689?
9
What is the hundred thousands digit of 264935?
2
What is the thousands digit of 35036?
5
What is the hundreds digit of 251024?
0
What is the ten thousands digit of 274385?
7
What is the units digit of 146228?
8
What is the units digit of 13888442?
2
What is the ten thousands digit of 496514?
9
What is the tens digit of 12478539?
3
What is the hundred thousands digit of 1509020?
5
What is the thousands digit of 319339?
9
What is the tens digit of 384295?
9
What is the ten thousands digit of 1406100?
0
What is the hundred thousands digit of 620473?
6
What is the thousands digit of 601933?
1
What is the tens digit of 3727677?
7
What is the units digit of 20345162?
2
What is the hundreds digit of 188819?
8
What is the millions digit of 4083871?
4
What is the hundreds digit of 4801152?
1
What is the tens digit of 174676?
7
What is the units digit of 238981?
1
What is the ten thousands digit of 11514535?
1
What is the hundred thousands digit of 1449449?
4
What is the hundred thousands digit of 744709?
7
What is the millions digit of 3264184?
3
What is the ten thousands digit of 483984?
8
What is the units digit of 12451331?
1
What is the millions digit of 7952676?
7
What is